{"id":1008,"date":"2021-10-08T06:11:09","date_gmt":"2021-10-08T06:11:09","guid":{"rendered":"http:\/\/supernamai.shop\/?page_id=1008"},"modified":"2024-09-11T07:48:24","modified_gmt":"2024-09-11T07:48:24","slug":"home","status":"publish","type":"page","link":"https:\/\/supernamai.shop\/","title":{"rendered":"Pagrindinis"},"content":{"rendered":"<div class=\"wp-block-cover alignfull is-light\" style=\"min-height:867px;aspect-ratio:unset;\"><span aria-hidden=\"true\" class=\"wp-block-cover__background has-ast-global-color-7-background-color has-background-dim\"><\/span><img loading=\"lazy\" decoding=\"async\" width=\"1920\" height=\"1080\" class=\"wp-block-cover__image-background wp-image-845\" alt=\"\" src=\"http:\/\/supernamai.shop\/wp-content\/uploads\/2021\/09\/hero-section-bg.jpg\" data-object-fit=\"cover\" srcset=\"https:\/\/supernamai.shop\/wp-content\/uploads\/2021\/09\/hero-section-bg.jpg 1920w, https:\/\/supernamai.shop\/wp-content\/uploads\/2021\/09\/hero-section-bg-600x338.jpg 600w, https:\/\/supernamai.shop\/wp-content\/uploads\/2021\/09\/hero-section-bg-300x169.jpg 300w, https:\/\/supernamai.shop\/wp-content\/uploads\/2021\/09\/hero-section-bg-1024x576.jpg 1024w, https:\/\/supernamai.shop\/wp-content\/uploads\/2021\/09\/hero-section-bg-768x432.jpg 768w, https:\/\/supernamai.shop\/wp-content\/uploads\/2021\/09\/hero-section-bg-1536x864.jpg 1536w\" sizes=\"(max-width: 1920px) 100vw, 1920px\" \/><div class=\"wp-block-cover__inner-container is-layout-flow wp-block-cover-is-layout-flow\"><h6 class=\"wp-block-heading has-text-align-center has-ast-global-color-4-color has-text-color\">Sveiki atvyk\u0119 \u012f supernamai<\/h6>\n\n<h1 class=\"wp-block-heading has-text-align-center has-ast-global-color-4-color has-text-color\">\u012ene\u0161k gaivos \u012f savo namus su SUPERNAMAI.SHOP<\/h1>\n\n<p><\/p>\n\n<div class=\"wp-block-buttons is-horizontal is-content-justification-center is-layout-flex wp-container-core-buttons-is-layout-1 wp-block-buttons-is-layout-flex\"><div class=\"wp-block-button\"><a class=\"wp-block-button__link has-ast-global-color-2-color has-ast-global-color-5-background-color has-text-color has-background wp-element-button\" href=\"https:\/\/supernamai.shop\/?product_cat=visos-prekes\" rel=\"#\">Apsipirkti dabar<\/a><\/div><\/div><\/div><\/div><div class=\"wp-block-group alignfull has-ast-global-color-5-background-color has-background is-layout-flow wp-block-group-is-layout-flow\"><div class=\"wp-block-group__inner-container\"><div class=\"wp-block-columns is-layout-flex wp-container-core-columns-is-layout-1 wp-block-columns-is-layout-flex\"><div class=\"wp-block-column is-layout-flow wp-block-column-is-layout-flow\"><\/div>\n\n<div class=\"wp-block-column is-layout-flow wp-block-column-is-layout-flow\"><div class=\"wp-block-buttons is-horizontal is-content-justification-right is-layout-flex wp-container-core-buttons-is-layout-2 wp-block-buttons-is-layout-flex\"><\/div><\/div><\/div><\/div><\/div><div class=\"wp-block-group alignfull has-ast-global-color-5-background-color has-background is-layout-flow wp-block-group-is-layout-flow\"><div class=\"wp-block-group__inner-container\"><div class=\"wp-block-media-text alignwide is-stacked-on-mobile is-vertically-aligned-center\"><figure class=\"wp-block-media-text__media\"><img loading=\"lazy\" decoding=\"async\" width=\"1024\" height=\"973\" src=\"http:\/\/supernamai.shop\/wp-content\/uploads\/2022\/05\/6986_1476c5418b32fda1bda6ea5386a544dd-2-1-1024x973.jpg\" alt=\"\" class=\"wp-image-1147 size-full\" srcset=\"https:\/\/supernamai.shop\/wp-content\/uploads\/2022\/05\/6986_1476c5418b32fda1bda6ea5386a544dd-2-1-1024x973.jpg 1024w, https:\/\/supernamai.shop\/wp-content\/uploads\/2022\/05\/6986_1476c5418b32fda1bda6ea5386a544dd-2-1-300x285.jpg 300w, https:\/\/supernamai.shop\/wp-content\/uploads\/2022\/05\/6986_1476c5418b32fda1bda6ea5386a544dd-2-1-768x730.jpg 768w, https:\/\/supernamai.shop\/wp-content\/uploads\/2022\/05\/6986_1476c5418b32fda1bda6ea5386a544dd-2-1-1536x1460.jpg 1536w, https:\/\/supernamai.shop\/wp-content\/uploads\/2022\/05\/6986_1476c5418b32fda1bda6ea5386a544dd-2-1-2048x1947.jpg 2048w, https:\/\/supernamai.shop\/wp-content\/uploads\/2022\/05\/6986_1476c5418b32fda1bda6ea5386a544dd-2-1-600x570.jpg 600w\" sizes=\"(max-width: 1024px) 100vw, 1024px\" \/><\/figure><div class=\"wp-block-media-text__content\"><h2 class=\"wp-block-heading\">Visi \u017emon\u0117s myli savo namus<\/h2>\n\n<p>\u012ekv\u0117pk savo namams jaukumo. Tik pas mus rasi, tai ko prireiks tavo namams ir tau, kad aplink b\u016bt\u0173 jauku ir patogu gyventi.<\/p>\n\n<p><a href=\"https:\/\/websitedemos.net\/plant-shop-02\/?brainstormforce=pTXyytedV9E9TFhT#\"><\/a><\/p>\n\n<div class=\"wp-block-buttons is-layout-flex wp-block-buttons-is-layout-flex\"><\/div><\/div><\/div><\/div><\/div><div class=\"wp-block-group alignfull has-ast-global-color-5-background-color has-background is-layout-flow wp-block-group-is-layout-flow\"><div class=\"wp-block-group__inner-container\"><hr class=\"wp-block-separator has-text-color has-ast-global-color-0-color has-css-opacity has-ast-global-color-0-background-color has-background aligncenter is-style-default\"\/><\/div><\/div><div class=\"wp-block-cover alignfull is-light\" style=\"min-height:532px;aspect-ratio:unset;\"><span aria-hidden=\"true\" class=\"wp-block-cover__background has-ast-global-color-7-background-color has-background-dim\"><\/span><img loading=\"lazy\" decoding=\"async\" width=\"1920\" height=\"1080\" class=\"wp-block-cover__image-background wp-image-841\" alt=\"\" src=\"http:\/\/supernamai.shop\/wp-content\/uploads\/2021\/08\/footer-background.jpg\" data-object-fit=\"cover\" srcset=\"https:\/\/supernamai.shop\/wp-content\/uploads\/2021\/08\/footer-background.jpg 1920w, https:\/\/supernamai.shop\/wp-content\/uploads\/2021\/08\/footer-background-600x338.jpg 600w, https:\/\/supernamai.shop\/wp-content\/uploads\/2021\/08\/footer-background-300x169.jpg 300w, https:\/\/supernamai.shop\/wp-content\/uploads\/2021\/08\/footer-background-1024x576.jpg 1024w, https:\/\/supernamai.shop\/wp-content\/uploads\/2021\/08\/footer-background-768x432.jpg 768w, https:\/\/supernamai.shop\/wp-content\/uploads\/2021\/08\/footer-background-1536x864.jpg 1536w\" sizes=\"(max-width: 1920px) 100vw, 1920px\" \/><div class=\"wp-block-cover__inner-container is-layout-flow wp-block-cover-is-layout-flow\"><h2 class=\"wp-block-heading has-text-align-center has-ast-global-color-4-color has-text-color\">Visas prekes galite \u012fsigyti m\u016bs\u0173 facebook puslapyje<\/h2>\n\n<div class=\"wp-block-buttons is-horizontal is-content-justification-center is-layout-flex wp-container-core-buttons-is-layout-4 wp-block-buttons-is-layout-flex\"><div class=\"wp-block-button\"><a class=\"wp-block-button__link has-ast-global-color-2-color has-ast-global-color-5-background-color has-text-color has-background wp-element-button\" href=\"https:\/\/www.facebook.com\/supernamai\" rel=\"#\">Eiti \u012f facebook puslap\u012f<\/a><\/div><\/div><\/div><\/div><div class=\"wp-block-group alignfull has-ast-global-color-8-background-color has-background is-layout-flow wp-block-group-is-layout-flow\"><div class=\"wp-block-group__inner-container\"><div class=\"wp-block-columns is-layout-flex wp-container-core-columns-is-layout-2 wp-block-columns-is-layout-flex\"><div class=\"wp-block-column is-layout-flow wp-block-column-is-layout-flow\"><div class=\"wp-block-uagb-info-box uagb-block-7038a974 uagb-infobox__content-wrap  uagb-infobox-icon-left uagb-infobox-left uagb-infobox-stacked-tablet uagb-infobox-image-valign-top uagb-infobox__outer-wrap\"><div class=\"uagb-ifb-icon-wrap\"><svg xmlns=\"https:\/\/www.w3.org\/2000\/svg\" viewBox=\"0 0 448 512\"><path d=\"M80 192V144C80 64.47 144.5 0 224 0C303.5 0 368 64.47 368 144V192H384C419.3 192 448 220.7 448 256V448C448 483.3 419.3 512 384 512H64C28.65 512 0 483.3 0 448V256C0 220.7 28.65 192 64 192H80zM144 192H304V144C304 99.82 268.2 64 224 64C179.8 64 144 99.82 144 144V192z\"><\/path><\/svg><\/div><div class=\"uagb-ifb-content\"><div class=\"uagb-ifb-title-wrap\"><h6 class=\"uagb-ifb-title\">Secure Payment<\/h6><\/div><p class=\"uagb-ifb-desc\">Euismod laoreet eget turpis platea<\/p><\/div><\/div><\/div>\n\n<div class=\"wp-block-column is-layout-flow wp-block-column-is-layout-flow\"><div class=\"wp-block-uagb-info-box uagb-block-5d1653d8 uagb-infobox__content-wrap  uagb-infobox-icon-left uagb-infobox-left uagb-infobox-stacked-tablet uagb-infobox-image-valign-top uagb-infobox__outer-wrap\"><div class=\"uagb-ifb-icon-wrap\"><svg xmlns=\"https:\/\/www.w3.org\/2000\/svg\" viewBox=\"0 0 448 512\"><path d=\"M50.73 58.53C58.86 42.27 75.48 32 93.67 32H208V160H0L50.73 58.53zM240 160V32H354.3C372.5 32 389.1 42.27 397.3 58.53L448 160H240zM448 416C448 451.3 419.3 480 384 480H64C28.65 480 0 451.3 0 416V192H448V416z\"><\/path><\/svg><\/div><div class=\"uagb-ifb-content\"><div class=\"uagb-ifb-title-wrap\"><h6 class=\"uagb-ifb-title\">Delivered With Care<\/h6><\/div><p class=\"uagb-ifb-desc\">Euismod laoreet eget turpis platea<\/p><\/div><\/div><\/div>\n\n<div class=\"wp-block-column is-layout-flow wp-block-column-is-layout-flow\"><div class=\"wp-block-uagb-info-box uagb-block-97ba3340 uagb-infobox__content-wrap  uagb-infobox-icon-left uagb-infobox-left uagb-infobox-stacked-tablet uagb-infobox-image-valign-top uagb-infobox__outer-wrap\"><div class=\"uagb-ifb-icon-wrap\"><svg xmlns=\"https:\/\/www.w3.org\/2000\/svg\" viewBox=\"0 0 576 512\"><path d=\"M275.2 250.5c7 7.375 18.5 7.375 25.5 0l108.1-114.2c31.5-33.12 29.72-88.1-5.65-118.7c-30.88-26.75-76.75-21.9-104.9 7.724L287.1 36.91L276.8 25.28C248.7-4.345 202.7-9.194 171.1 17.56C136.7 48.18 134.7 103.2 166.4 136.3L275.2 250.5zM568.2 336.3c-13.12-17.81-38.14-21.66-55.93-8.469l-119.7 88.17h-120.6c-8.748 0-15.1-7.25-15.1-15.1c0-8.746 7.25-15.1 15.1-15.1h78.25c15.1 0 30.75-10.87 33.37-26.62c3.25-19.1-12.12-37.37-31.62-37.37H191.1c-26.1 0-53.12 9.25-74.12 26.25l-46.5 37.74l-55.37-.0253c-8.748 0-15.1 7.275-15.1 16.02L.0001 496C.0001 504.8 7.251 512 15.1 512h346.1c22.03 0 43.92-7.187 61.7-20.28l135.1-99.51C577.5 379.1 581.3 354.1 568.2 336.3z\"><\/path><\/svg><\/div><div class=\"uagb-ifb-content\"><div class=\"uagb-ifb-title-wrap\"><h6 class=\"uagb-ifb-title\">Excellent Service<\/h6><\/div><p class=\"uagb-ifb-desc\">Euismod laoreet eget turpis platea<\/p><\/div><\/div><\/div><\/div><\/div><\/div>","protected":false},"excerpt":{"rendered":"<p>Visi \u017emon\u0117s myli savo namus \u012ekv\u0117pk savo namams jaukumo. Tik pas mus rasi, tai ko prireiks tavo namams ir tau, kad aplink b\u016bt\u0173 jauku ir patogu gyventi.<\/p>\n","protected":false},"author":1,"featured_media":0,"parent":0,"menu_order":0,"comment_status":"closed","ping_status":"closed","template":"","meta":{"om_disable_all_campaigns":false,"_uag_custom_page_level_css":"","_monsterinsights_skip_tracking":false,"_monsterinsights_sitenote_active":false,"_monsterinsights_sitenote_note":"","_monsterinsights_sitenote_category":0,"site-sidebar-layout":"no-sidebar","site-content-layout":"plain-container","ast-global-header-display":"","ast-main-header-display":"","ast-hfb-above-header-display":"","ast-hfb-below-header-display":"","ast-hfb-mobile-header-display":"","site-post-title":"disabled","ast-breadcrumbs-content":"","ast-featured-img":"disabled","footer-sml-layout":"","theme-transparent-header-meta":"enabled","adv-header-id-meta":"","stick-header-meta":"","header-above-stick-meta":"","header-main-stick-meta":"","header-below-stick-meta":"","footnotes":""},"class_list":["post-1008","page","type-page","status-publish","hentry"],"aioseo_notices":[],"uagb_featured_image_src":{"full":false,"thumbnail":false,"medium":false,"medium_large":false,"large":false,"1536x1536":false,"2048x2048":false,"woocommerce_thumbnail":false,"woocommerce_single":false,"woocommerce_gallery_thumbnail":false},"uagb_author_info":{"display_name":"dovilejjj@yahoo.com","author_link":"https:\/\/supernamai.shop\/?author=1"},"uagb_comment_info":0,"uagb_excerpt":"Visi \u017emon\u0117s myli savo namus \u012ekv\u0117pk savo namams jaukumo. Tik pas mus rasi, tai ko prireiks tavo namams ir tau, kad aplink b\u016bt\u0173 jauku ir patogu gyventi.","_links":{"self":[{"href":"https:\/\/supernamai.shop\/index.php?rest_route=\/wp\/v2\/pages\/1008"}],"collection":[{"href":"https:\/\/supernamai.shop\/index.php?rest_route=\/wp\/v2\/pages"}],"about":[{"href":"https:\/\/supernamai.shop\/index.php?rest_route=\/wp\/v2\/types\/page"}],"author":[{"embeddable":true,"href":"https:\/\/supernamai.shop\/index.php?rest_route=\/wp\/v2\/users\/1"}],"replies":[{"embeddable":true,"href":"https:\/\/supernamai.shop\/index.php?rest_route=%2Fwp%2Fv2%2Fcomments&post=1008"}],"version-history":[{"count":9,"href":"https:\/\/supernamai.shop\/index.php?rest_route=\/wp\/v2\/pages\/1008\/revisions"}],"predecessor-version":[{"id":1195,"href":"https:\/\/supernamai.shop\/index.php?rest_route=\/wp\/v2\/pages\/1008\/revisions\/1195"}],"wp:attachment":[{"href":"https:\/\/supernamai.shop\/index.php?rest_route=%2Fwp%2Fv2%2Fmedia&parent=1008"}],"curies":[{"name":"wp","href":"https:\/\/api.w.org\/{rel}","templated":true}]}}