{"id":1162,"date":"2024-08-14T14:12:49","date_gmt":"2024-08-14T14:12:49","guid":{"rendered":"https:\/\/supernamai.shop\/?post_type=product&#038;p=1162"},"modified":"2024-09-11T07:30:21","modified_gmt":"2024-09-11T07:30:21","slug":"veliuros-drabuziu-pakabos-4-vnt","status":"publish","type":"product","link":"https:\/\/supernamai.shop\/?product=veliuros-drabuziu-pakabos-4-vnt","title":{"rendered":"VELI\u016aROS DRABU\u017dI\u0172 PAKABOS 4 Vnt"},"content":{"rendered":"<div class=\"mpof_ki myre_zn myre_8v_l m389_6m_l\">\n<div class=\"mp4t_16_s mryx_16_s mr3m_1 mli2_1 mh85_56 mh85_0_l\">\n<div class=\"mgn2_16 _0d3bd_am0a-\">\n<h1>VELI\u016aROS DRABU\u017dI\u0172 PAKABOS 4 Vnt<\/h1>\n<\/div>\n<\/div>\n<\/div>\n<div class=\"mpof_ki myre_zn myre_8v_l m389_6m_l\">\n<div class=\"mp4t_16_s mryx_16_s mr3m_1 mli2_1 mh85_56 mh85_0_l\">\n<div class=\"mgn2_16 _0d3bd_am0a-\">\n<ul>\n<li><strong>4 VIENET\u0172 RINKINJE<\/strong> \u2013 Su \u0161iuo komplektu papildysite savo garderob\u0105. <strong>D\u0117l kompakti\u0161kos konstrukcijos pakabos sutaupo daug vietos<\/strong>\u00a0. Su jais sutvarkysite daugiau vietos drabu\u017eiams.<\/li>\n<\/ul>\n<ul>\n<li><strong>SUKIMO KABLIS<\/strong>\u00a0&#8211; tvirtas metalinis kabliukas leid\u017eia lengvai ir patogiai pakabinti pakab\u0105 ant strypo.\u00a0<strong>Papildomas \u0161io kabliuko privalumas \u2013 360 laipsni\u0173 pasukimas, tod\u0117l pakab\u0105 visada gal\u0117site priderinti prie laikiklio.<\/strong><\/li>\n<\/ul>\n<ul>\n<li><strong>AUK\u0160TOS KOKYB\u0116S<\/strong>\u00a0&#8211; pakabos pagamintos i\u0161 plastiko ir pilnai padengtos maloniu liesti aksomu, tod\u0117l drabu\u017eiai neslysta. Papildomai\u00a0<strong>Kiekvienoje pakaboje yra laikiklis kaklarai\u0161\u010diui, dir\u017eui ar \u0161alikai ir \u012fdubimai juostel\u0117ms<\/strong>\u00a0.<\/li>\n<\/ul>\n<ul>\n<li><strong>I\u0160VENGIMAS RAUK\u0160\u010cI\u0172 &#8211;\u00a0<\/strong>Pakab\u0173 d\u0117ka i\u0161vengsite drabu\u017ei\u0173 rauk\u0161li\u0173 ir slydimo, o tai ypa\u010d svarbu drabu\u017eiams i\u0161 subtili\u0173 med\u017eiag\u0173 ar audini\u0173.<\/li>\n<\/ul>\n<ul>\n<li><strong>SPECIFIKACIJOS &#8211;\u00a0<\/strong>juoda spalva; konstrukcija: ABS + PET padengtas nailonu; kiti elementai: gele\u017eis;<\/li>\n<\/ul>\n<\/div>\n<\/div>\n<\/div>\n<div class=\"mpof_ki myre_zn myre_8v_l m389_6m_l\">\n<div class=\"mp4t_16_s mryx_16_s mr3m_1 mli2_1 mh85_56 mh85_0_l\">\n<div class=\"mgn2_16 _0d3bd_am0a-\">\n<p>&nbsp;<\/p>\n<\/div>\n<\/div>\n<\/div>\n","protected":false},"excerpt":{"rendered":"<p>VELI\u016aROS DRABU\u017dI\u0172 PAKABOS 4 Vnt 4 VIENET\u0172 RINKINJE \u2013 Su \u0161iuo komplektu papildysite savo garderob\u0105. D\u0117l kompakti\u0161kos konstrukcijos pakabos sutaupo daug vietos\u00a0. Su jais sutvarkysite daugiau vietos drabu\u017eiams. SUKIMO KABLIS\u00a0&#8211; tvirtas metalinis kabliukas leid\u017eia lengvai ir patogiai pakabinti pakab\u0105 ant strypo.\u00a0Papildomas \u0161io kabliuko privalumas \u2013 360 laipsni\u0173 pasukimas, tod\u0117l pakab\u0105 visada gal\u0117site priderinti prie laikiklio. &hellip;<\/p>\n<p class=\"read-more\"> <a class=\"\" href=\"https:\/\/supernamai.shop\/?product=veliuros-drabuziu-pakabos-4-vnt\"> <span class=\"screen-reader-text\">VELI\u016aROS DRABU\u017dI\u0172 PAKABOS 4 Vnt<\/span> Skaityti daugiau &raquo;<\/a><\/p>\n","protected":false},"featured_media":1163,"comment_status":"open","ping_status":"closed","template":"","meta":{"om_disable_all_campaigns":false,"_uag_custom_page_level_css":"","_monsterinsights_skip_tracking":false,"_monsterinsights_sitenote_active":false,"_monsterinsights_sitenote_note":"","_monsterinsights_sitenote_category":0,"site-sidebar-layout":"default","site-content-layout":"default","ast-global-header-display":"","ast-main-header-display":"","ast-hfb-above-header-display":"","ast-hfb-below-header-display":"","ast-hfb-mobile-header-display":"","site-post-title":"","ast-breadcrumbs-content":"","ast-featured-img":"","footer-sml-layout":"","theme-transparent-header-meta":"default","adv-header-id-meta":"","stick-header-meta":"","header-above-stick-meta":"","header-main-stick-meta":"","header-below-stick-meta":""},"product_cat":[19,15],"product_tag":[],"class_list":{"0":"post-1162","1":"product","2":"type-product","3":"status-publish","4":"has-post-thumbnail","6":"product_cat-visos-prekes","7":"product_cat-aksesuarai","9":"first","10":"instock","11":"sold-individually","12":"shipping-taxable","13":"purchasable","14":"product-type-simple"},"aioseo_notices":[],"uagb_featured_image_src":{"full":["https:\/\/supernamai.shop\/wp-content\/uploads\/2024\/08\/lit_pl_Drabuziu-kabykla-20-vnt-juoda-Ruhhy-22536-17021_6.jpg",500,500,false],"thumbnail":["https:\/\/supernamai.shop\/wp-content\/uploads\/2024\/08\/lit_pl_Drabuziu-kabykla-20-vnt-juoda-Ruhhy-22536-17021_6-150x150.jpg",150,150,true],"medium":["https:\/\/supernamai.shop\/wp-content\/uploads\/2024\/08\/lit_pl_Drabuziu-kabykla-20-vnt-juoda-Ruhhy-22536-17021_6-300x300.jpg",300,300,true],"medium_large":["https:\/\/supernamai.shop\/wp-content\/uploads\/2024\/08\/lit_pl_Drabuziu-kabykla-20-vnt-juoda-Ruhhy-22536-17021_6.jpg",500,500,false],"large":["https:\/\/supernamai.shop\/wp-content\/uploads\/2024\/08\/lit_pl_Drabuziu-kabykla-20-vnt-juoda-Ruhhy-22536-17021_6.jpg",500,500,false],"1536x1536":["https:\/\/supernamai.shop\/wp-content\/uploads\/2024\/08\/lit_pl_Drabuziu-kabykla-20-vnt-juoda-Ruhhy-22536-17021_6.jpg",500,500,false],"2048x2048":["https:\/\/supernamai.shop\/wp-content\/uploads\/2024\/08\/lit_pl_Drabuziu-kabykla-20-vnt-juoda-Ruhhy-22536-17021_6.jpg",500,500,false],"woocommerce_thumbnail":["https:\/\/supernamai.shop\/wp-content\/uploads\/2024\/08\/lit_pl_Drabuziu-kabykla-20-vnt-juoda-Ruhhy-22536-17021_6-300x300.jpg",300,300,true],"woocommerce_single":["https:\/\/supernamai.shop\/wp-content\/uploads\/2024\/08\/lit_pl_Drabuziu-kabykla-20-vnt-juoda-Ruhhy-22536-17021_6.jpg",500,500,false],"woocommerce_gallery_thumbnail":["https:\/\/supernamai.shop\/wp-content\/uploads\/2024\/08\/lit_pl_Drabuziu-kabykla-20-vnt-juoda-Ruhhy-22536-17021_6-100x100.jpg",100,100,true]},"uagb_author_info":{"display_name":"dovilejjj@yahoo.com","author_link":"https:\/\/supernamai.shop\/?author=0"},"uagb_comment_info":0,"uagb_excerpt":"VELI\u016aROS DRABU\u017dI\u0172 PAKABOS 4 Vnt 4 VIENET\u0172 RINKINJE \u2013 Su \u0161iuo komplektu papildysite savo garderob\u0105. D\u0117l kompakti\u0161kos konstrukcijos pakabos sutaupo daug vietos\u00a0. Su jais sutvarkysite daugiau vietos drabu\u017eiams. SUKIMO KABLIS\u00a0&#8211; tvirtas metalinis kabliukas leid\u017eia lengvai ir patogiai pakabinti pakab\u0105 ant strypo.\u00a0Papildomas \u0161io kabliuko privalumas \u2013 360 laipsni\u0173 pasukimas, tod\u0117l pakab\u0105 visada gal\u0117site priderinti prie laikiklio.&hellip;","_links":{"self":[{"href":"https:\/\/supernamai.shop\/index.php?rest_route=\/wp\/v2\/product\/1162"}],"collection":[{"href":"https:\/\/supernamai.shop\/index.php?rest_route=\/wp\/v2\/product"}],"about":[{"href":"https:\/\/supernamai.shop\/index.php?rest_route=\/wp\/v2\/types\/product"}],"replies":[{"embeddable":true,"href":"https:\/\/supernamai.shop\/index.php?rest_route=%2Fwp%2Fv2%2Fcomments&post=1162"}],"wp:featuredmedia":[{"embeddable":true,"href":"https:\/\/supernamai.shop\/index.php?rest_route=\/wp\/v2\/media\/1163"}],"wp:attachment":[{"href":"https:\/\/supernamai.shop\/index.php?rest_route=%2Fwp%2Fv2%2Fmedia&parent=1162"}],"wp:term":[{"taxonomy":"product_cat","embeddable":true,"href":"https:\/\/supernamai.shop\/index.php?rest_route=%2Fwp%2Fv2%2Fproduct_cat&post=1162"},{"taxonomy":"product_tag","embeddable":true,"href":"https:\/\/supernamai.shop\/index.php?rest_route=%2Fwp%2Fv2%2Fproduct_tag&post=1162"}],"curies":[{"name":"wp","href":"https:\/\/api.w.org\/{rel}","templated":true}]}}