{"id":1167,"date":"2024-08-14T14:17:17","date_gmt":"2024-08-14T14:17:17","guid":{"rendered":"https:\/\/supernamai.shop\/?post_type=product&#038;p=1167"},"modified":"2024-09-11T07:08:59","modified_gmt":"2024-09-11T07:08:59","slug":"laikiklis-juodas-telefono-stovas","status":"publish","type":"product","link":"https:\/\/supernamai.shop\/?product=laikiklis-juodas-telefono-stovas","title":{"rendered":"Laikiklis &#8211; juodas telefono stovas"},"content":{"rendered":"<div class=\"_1bo4a _xu6h2 _1ylmp _2d49e_YrWCD\">\n<div class=\"_1voj4 _z9prt _1xzdi _ai5yc _5d6n2 _15lj1\">\n<div class=\"_2d49e_5pK0q\">\n<h1>STOVAS \/ TELEFONO LAIKIKLIS<\/h1>\n<\/div>\n<\/div>\n<\/div>\n<div class=\"_1bo4a _xu6h2 _1ylmp _2d49e_YrWCD\">\n<div class=\"_1voj4 _z9prt _1xzdi _ai5yc _5d6n2 _15lj1\">\n<div class=\"_2d49e_5pK0q\">\n<ul>\n<li><strong>UNIVERSALUS\u00a0<\/strong>&#8211; pristatytas telefono laikiklis yra universalus gaminys, kuris puikiai veikia<strong>\u00a0Jis pasiteisins tiek atliekant kasdienes veiklas namuose, tiek keliaujant ir net biure.<\/strong><\/li>\n<\/ul>\n<ul>\n<li><strong>ILGUS IR PATIKIMAS\u00a0<\/strong>&#8211; telefono atrama pagaminta i\u0161 kokybi\u0161kos med\u017eiagos, kuri yra PP, kurios deka vartotojui tarnaus ilgai, be to, pagrindas pagamintas i\u0161 tvirto PP, o ideklas &#8211; i\u0161 mink\u0161to plastiko.<\/li>\n<\/ul>\n<ul>\n<li><strong>REGULIUOJAMAS PAkrypimo kampas\u00a0<\/strong>&#8211; universalus telefono stovas turi svarbi\u0105 funkcij\u0105, tai yra reguliuojamas pasvirimo kampas. Jos deka tai bus imanoma\u00a0<strong>nustatydami telefon\u0105 i mums tinkam\u0105 padeti<\/strong>\u00a0.<\/li>\n<\/ul>\n<ul>\n<li><strong>KOMPAKTI\u0160KI MATMENYS\u00a0<\/strong>&#8211; telefono laikiklis yra nedidelis aksesuaras, todel jis yra labai patogus, todel ji visada galesite tureti su savimi.<\/li>\n<\/ul>\n<\/div>\n<\/div>\n<\/div>\n","protected":false},"excerpt":{"rendered":"<p>STOVAS \/ TELEFONO LAIKIKLIS UNIVERSALUS\u00a0&#8211; pristatytas telefono laikiklis yra universalus gaminys, kuris puikiai veikia\u00a0Jis pasiteisins tiek atliekant kasdienes veiklas namuose, tiek keliaujant ir net biure. ILGUS IR PATIKIMAS\u00a0&#8211; telefono atrama pagaminta i\u0161 kokybi\u0161kos med\u017eiagos, kuri yra PP, kurios deka vartotojui tarnaus ilgai, be to, pagrindas pagamintas i\u0161 tvirto PP, o ideklas &#8211; i\u0161 mink\u0161to plastiko. &hellip;<\/p>\n<p class=\"read-more\"> <a class=\"\" href=\"https:\/\/supernamai.shop\/?product=laikiklis-juodas-telefono-stovas\"> <span class=\"screen-reader-text\">Laikiklis &#8211; juodas telefono stovas<\/span> Skaityti daugiau &raquo;<\/a><\/p>\n","protected":false},"featured_media":1168,"comment_status":"open","ping_status":"closed","template":"","meta":{"om_disable_all_campaigns":false,"_uag_custom_page_level_css":"","_monsterinsights_skip_tracking":false,"_monsterinsights_sitenote_active":false,"_monsterinsights_sitenote_note":"","_monsterinsights_sitenote_category":0,"site-sidebar-layout":"default","site-content-layout":"default","ast-global-header-display":"","ast-main-header-display":"","ast-hfb-above-header-display":"","ast-hfb-below-header-display":"","ast-hfb-mobile-header-display":"","site-post-title":"","ast-breadcrumbs-content":"","ast-featured-img":"","footer-sml-layout":"","theme-transparent-header-meta":"default","adv-header-id-meta":"","stick-header-meta":"","header-above-stick-meta":"","header-main-stick-meta":"","header-below-stick-meta":""},"product_cat":[19,15],"product_tag":[],"class_list":{"0":"post-1167","1":"product","2":"type-product","3":"status-publish","4":"has-post-thumbnail","6":"product_cat-visos-prekes","7":"product_cat-aksesuarai","9":"first","10":"instock","11":"shipping-taxable","12":"purchasable","13":"product-type-simple"},"aioseo_notices":[],"uagb_featured_image_src":{"full":["https:\/\/supernamai.shop\/wp-content\/uploads\/2024\/08\/lit_pl_Laikiklis-juodas-telefono-stovas-15330_9.jpg",500,500,false],"thumbnail":["https:\/\/supernamai.shop\/wp-content\/uploads\/2024\/08\/lit_pl_Laikiklis-juodas-telefono-stovas-15330_9-150x150.jpg",150,150,true],"medium":["https:\/\/supernamai.shop\/wp-content\/uploads\/2024\/08\/lit_pl_Laikiklis-juodas-telefono-stovas-15330_9-300x300.jpg",300,300,true],"medium_large":["https:\/\/supernamai.shop\/wp-content\/uploads\/2024\/08\/lit_pl_Laikiklis-juodas-telefono-stovas-15330_9.jpg",500,500,false],"large":["https:\/\/supernamai.shop\/wp-content\/uploads\/2024\/08\/lit_pl_Laikiklis-juodas-telefono-stovas-15330_9.jpg",500,500,false],"1536x1536":["https:\/\/supernamai.shop\/wp-content\/uploads\/2024\/08\/lit_pl_Laikiklis-juodas-telefono-stovas-15330_9.jpg",500,500,false],"2048x2048":["https:\/\/supernamai.shop\/wp-content\/uploads\/2024\/08\/lit_pl_Laikiklis-juodas-telefono-stovas-15330_9.jpg",500,500,false],"woocommerce_thumbnail":["https:\/\/supernamai.shop\/wp-content\/uploads\/2024\/08\/lit_pl_Laikiklis-juodas-telefono-stovas-15330_9-300x300.jpg",300,300,true],"woocommerce_single":["https:\/\/supernamai.shop\/wp-content\/uploads\/2024\/08\/lit_pl_Laikiklis-juodas-telefono-stovas-15330_9.jpg",500,500,false],"woocommerce_gallery_thumbnail":["https:\/\/supernamai.shop\/wp-content\/uploads\/2024\/08\/lit_pl_Laikiklis-juodas-telefono-stovas-15330_9-100x100.jpg",100,100,true]},"uagb_author_info":{"display_name":"dovilejjj@yahoo.com","author_link":"https:\/\/supernamai.shop\/?author=0"},"uagb_comment_info":0,"uagb_excerpt":"STOVAS \/ TELEFONO LAIKIKLIS UNIVERSALUS\u00a0&#8211; pristatytas telefono laikiklis yra universalus gaminys, kuris puikiai veikia\u00a0Jis pasiteisins tiek atliekant kasdienes veiklas namuose, tiek keliaujant ir net biure. ILGUS IR PATIKIMAS\u00a0&#8211; telefono atrama pagaminta i\u0161 kokybi\u0161kos med\u017eiagos, kuri yra PP, kurios deka vartotojui tarnaus ilgai, be to, pagrindas pagamintas i\u0161 tvirto PP, o ideklas &#8211; i\u0161 mink\u0161to plastiko.&hellip;","_links":{"self":[{"href":"https:\/\/supernamai.shop\/index.php?rest_route=\/wp\/v2\/product\/1167"}],"collection":[{"href":"https:\/\/supernamai.shop\/index.php?rest_route=\/wp\/v2\/product"}],"about":[{"href":"https:\/\/supernamai.shop\/index.php?rest_route=\/wp\/v2\/types\/product"}],"replies":[{"embeddable":true,"href":"https:\/\/supernamai.shop\/index.php?rest_route=%2Fwp%2Fv2%2Fcomments&post=1167"}],"wp:featuredmedia":[{"embeddable":true,"href":"https:\/\/supernamai.shop\/index.php?rest_route=\/wp\/v2\/media\/1168"}],"wp:attachment":[{"href":"https:\/\/supernamai.shop\/index.php?rest_route=%2Fwp%2Fv2%2Fmedia&parent=1167"}],"wp:term":[{"taxonomy":"product_cat","embeddable":true,"href":"https:\/\/supernamai.shop\/index.php?rest_route=%2Fwp%2Fv2%2Fproduct_cat&post=1167"},{"taxonomy":"product_tag","embeddable":true,"href":"https:\/\/supernamai.shop\/index.php?rest_route=%2Fwp%2Fv2%2Fproduct_tag&post=1167"}],"curies":[{"name":"wp","href":"https:\/\/api.w.org\/{rel}","templated":true}]}}