{"id":1215,"date":"2024-09-30T14:04:09","date_gmt":"2024-09-30T14:04:09","guid":{"rendered":"https:\/\/supernamai.shop\/?post_type=product&#038;p=1215"},"modified":"2025-03-19T02:01:54","modified_gmt":"2025-03-19T02:01:54","slug":"dasty-demiu-valiklis-su-aktyviuoju-deguonimi","status":"publish","type":"product","link":"https:\/\/supernamai.shop\/?product=dasty-demiu-valiklis-su-aktyviuoju-deguonimi","title":{"rendered":"Dasty d\u0117mi\u0173 valiklis su aktyviuoju deguonimi"},"content":{"rendered":"<h1>Dasty d\u0117mi\u0173 valiklis su aktyviuoju deguonimi<\/h1>\n<h2>T\u016bris: 600ml<\/h2>\n<p>Dasty d\u0117mi\u0173 valiklis su aktyviuoju deguonimi efektyviai pa\u0161alina, ne tik d\u0117mes, bet \u00a0ir blogus kvapus, kuriuos sukelia bakterijos. Jame n\u0117ra chloro, tod\u0117l u\u017etikrinamas saugus valymas, atsi\u017evelgiant \u012f audinius ir j\u0173 spalvas. Puikiai tinka prakaito, dezodorant\u0173, vyno, kavos, arbatos, vaisi\u0173, r\u016bd\u017ei\u0173, pada\u017e\u0173, kraujo, \u0161lapimo ir i\u0161mat\u0173 d\u0117m\u0117ms pa\u0161alinti.<\/p>\n<p><strong>NAUDOJIMAS:<\/strong>\u00a0prie\u0161 skalbim\u0105 priemon\u0119 purk\u0161ti tiesiai ant d\u0117mi\u0173. Palikite minut\u0119 (neleisdami i\u0161d\u017ei\u016bti), skalbkite \u012fprastu skalbikliu \u012fprastoje skalbimo temperat\u016broje skalbimo ma\u0161inoje arba rankomis kar\u0161tame vandenyje. Ypa\u010d sunkiai \u012fveikiamoms d\u0117m\u0117ms \u2013 \u00a0patrinkite audin\u012f. Prie\u0161 naudodami i\u0161bandykite spalvos atsparum\u0105 ma\u017eai matomoje vietoje. Nenaudoti ant metalini\u0173 detali\u0173 (u\u017etrauktuk\u0173, sag\u0173&#8230;), ant \u0161ilko arba ypa\u010d plonos med\u017eiagos drabu\u017ei\u0173. D\u017eiovinimo metu nelaikykite saul\u0117je.<\/p>\n<p>Gamintojas: Italija<\/p>\n","protected":false},"excerpt":{"rendered":"<p>Dasty d\u0117mi\u0173 valiklis su aktyviuoju deguonimi T\u016bris: 600ml Dasty d\u0117mi\u0173 valiklis su aktyviuoju deguonimi efektyviai pa\u0161alina, ne tik d\u0117mes, bet \u00a0ir blogus kvapus, kuriuos sukelia bakterijos. Jame n\u0117ra chloro, tod\u0117l u\u017etikrinamas saugus valymas, atsi\u017evelgiant \u012f audinius ir j\u0173 spalvas. Puikiai tinka prakaito, dezodorant\u0173, vyno, kavos, arbatos, vaisi\u0173, r\u016bd\u017ei\u0173, pada\u017e\u0173, kraujo, \u0161lapimo ir i\u0161mat\u0173 d\u0117m\u0117ms pa\u0161alinti. &hellip;<\/p>\n<p class=\"read-more\"> <a class=\"\" href=\"https:\/\/supernamai.shop\/?product=dasty-demiu-valiklis-su-aktyviuoju-deguonimi\"> <span class=\"screen-reader-text\">Dasty d\u0117mi\u0173 valiklis su aktyviuoju deguonimi<\/span> Skaityti daugiau &raquo;<\/a><\/p>\n","protected":false},"featured_media":1216,"comment_status":"open","ping_status":"closed","template":"","meta":{"om_disable_all_campaigns":false,"_uag_custom_page_level_css":"","_monsterinsights_skip_tracking":false,"_monsterinsights_sitenote_active":false,"_monsterinsights_sitenote_note":"","_monsterinsights_sitenote_category":0,"site-sidebar-layout":"default","site-content-layout":"default","ast-global-header-display":"","ast-main-header-display":"","ast-hfb-above-header-display":"","ast-hfb-below-header-display":"","ast-hfb-mobile-header-display":"","site-post-title":"","ast-breadcrumbs-content":"","ast-featured-img":"","footer-sml-layout":"","theme-transparent-header-meta":"default","adv-header-id-meta":"","stick-header-meta":"","header-above-stick-meta":"","header-main-stick-meta":"","header-below-stick-meta":""},"product_cat":[19,22],"product_tag":[],"class_list":{"0":"post-1215","1":"product","2":"type-product","3":"status-publish","4":"has-post-thumbnail","6":"product_cat-visos-prekes","7":"product_cat-valikliai","9":"first","10":"instock","11":"shipping-taxable","12":"purchasable","13":"product-type-simple"},"aioseo_notices":[],"uagb_featured_image_src":{"full":["https:\/\/supernamai.shop\/wp-content\/uploads\/2024\/09\/phpThumb_generated_thumbnail-2.jpg",530,520,false],"thumbnail":["https:\/\/supernamai.shop\/wp-content\/uploads\/2024\/09\/phpThumb_generated_thumbnail-2-150x150.jpg",150,150,true],"medium":["https:\/\/supernamai.shop\/wp-content\/uploads\/2024\/09\/phpThumb_generated_thumbnail-2-300x294.jpg",300,294,true],"medium_large":["https:\/\/supernamai.shop\/wp-content\/uploads\/2024\/09\/phpThumb_generated_thumbnail-2.jpg",530,520,false],"large":["https:\/\/supernamai.shop\/wp-content\/uploads\/2024\/09\/phpThumb_generated_thumbnail-2.jpg",530,520,false],"1536x1536":["https:\/\/supernamai.shop\/wp-content\/uploads\/2024\/09\/phpThumb_generated_thumbnail-2.jpg",530,520,false],"2048x2048":["https:\/\/supernamai.shop\/wp-content\/uploads\/2024\/09\/phpThumb_generated_thumbnail-2.jpg",530,520,false],"woocommerce_thumbnail":["https:\/\/supernamai.shop\/wp-content\/uploads\/2024\/09\/phpThumb_generated_thumbnail-2-300x300.jpg",300,300,true],"woocommerce_single":["https:\/\/supernamai.shop\/wp-content\/uploads\/2024\/09\/phpThumb_generated_thumbnail-2.jpg",530,520,false],"woocommerce_gallery_thumbnail":["https:\/\/supernamai.shop\/wp-content\/uploads\/2024\/09\/phpThumb_generated_thumbnail-2-100x100.jpg",100,100,true]},"uagb_author_info":{"display_name":"dovilejjj@yahoo.com","author_link":"https:\/\/supernamai.shop\/?author=0"},"uagb_comment_info":1,"uagb_excerpt":"Dasty d\u0117mi\u0173 valiklis su aktyviuoju deguonimi T\u016bris: 600ml Dasty d\u0117mi\u0173 valiklis su aktyviuoju deguonimi efektyviai pa\u0161alina, ne tik d\u0117mes, bet \u00a0ir blogus kvapus, kuriuos sukelia bakterijos. Jame n\u0117ra chloro, tod\u0117l u\u017etikrinamas saugus valymas, atsi\u017evelgiant \u012f audinius ir j\u0173 spalvas. Puikiai tinka prakaito, dezodorant\u0173, vyno, kavos, arbatos, vaisi\u0173, r\u016bd\u017ei\u0173, pada\u017e\u0173, kraujo, \u0161lapimo ir i\u0161mat\u0173 d\u0117m\u0117ms pa\u0161alinti.&hellip;","_links":{"self":[{"href":"https:\/\/supernamai.shop\/index.php?rest_route=\/wp\/v2\/product\/1215"}],"collection":[{"href":"https:\/\/supernamai.shop\/index.php?rest_route=\/wp\/v2\/product"}],"about":[{"href":"https:\/\/supernamai.shop\/index.php?rest_route=\/wp\/v2\/types\/product"}],"replies":[{"embeddable":true,"href":"https:\/\/supernamai.shop\/index.php?rest_route=%2Fwp%2Fv2%2Fcomments&post=1215"}],"wp:featuredmedia":[{"embeddable":true,"href":"https:\/\/supernamai.shop\/index.php?rest_route=\/wp\/v2\/media\/1216"}],"wp:attachment":[{"href":"https:\/\/supernamai.shop\/index.php?rest_route=%2Fwp%2Fv2%2Fmedia&parent=1215"}],"wp:term":[{"taxonomy":"product_cat","embeddable":true,"href":"https:\/\/supernamai.shop\/index.php?rest_route=%2Fwp%2Fv2%2Fproduct_cat&post=1215"},{"taxonomy":"product_tag","embeddable":true,"href":"https:\/\/supernamai.shop\/index.php?rest_route=%2Fwp%2Fv2%2Fproduct_tag&post=1215"}],"curies":[{"name":"wp","href":"https:\/\/api.w.org\/{rel}","templated":true}]}}